{"id":3710,"date":"2019-06-20T16:50:26","date_gmt":"2019-06-20T14:50:26","guid":{"rendered":"https:\/\/www.vcvl.be\/site\/?page_id=3710"},"modified":"2019-09-19T21:34:00","modified_gmt":"2019-09-19T19:34:00","slug":"video-youtube","status":"publish","type":"page","link":"https:\/\/www.vcvl.be\/site\/medias\/video-youtube\/","title":{"rendered":"Video"},"content":{"rendered":"<p>[vc_row][vc_column][vc_column_text]<\/p>\r\n<p>Cliquez ci-dessous sur une des photos au choix. D\u00e9couvrez chaque playlist en d\u00e9roulant le menu qui appara\u00eet en haut \u00e0 droite de la vid\u00e9o.<!-- wp:paragraph --><\/p>\r\n<p>[\/vc_column_text][vc_raw_html]JTVCZW52aXJhLWdhbGxlcnklMjBpZCUzRCUyMjM5MDMlMjIlNUQ=[\/vc_raw_html][\/vc_column][\/vc_row]<\/p>","protected":false},"excerpt":{"rendered":"<p>[vc_row][vc_column][vc_column_text] Cliquez ci-dessous sur une des photos au choix. D\u00e9couvrez chaque playlist en d\u00e9roulant le menu qui appara\u00eet en haut \u00e0 droite de la vid\u00e9o. [\/vc_column_text][vc_raw_html]JTVCZW52aXJhLWdhbGxlcnklMjBpZCUzRCUyMjM5MDMlMjIlNUQ=[\/vc_raw_html][\/vc_column][\/vc_row]<\/p>\n","protected":false},"author":1,"featured_media":3495,"parent":3539,"menu_order":0,"comment_status":"closed","ping_status":"closed","template":"","meta":{"footnotes":""},"aioseo_notices":[],"_links":{"self":[{"href":"https:\/\/www.vcvl.be\/site\/wp-json\/wp\/v2\/pages\/3710"}],"collection":[{"href":"https:\/\/www.vcvl.be\/site\/wp-json\/wp\/v2\/pages"}],"about":[{"href":"https:\/\/www.vcvl.be\/site\/wp-json\/wp\/v2\/types\/page"}],"author":[{"embeddable":true,"href":"https:\/\/www.vcvl.be\/site\/wp-json\/wp\/v2\/users\/1"}],"replies":[{"embeddable":true,"href":"https:\/\/www.vcvl.be\/site\/wp-json\/wp\/v2\/comments?post=3710"}],"version-history":[{"count":16,"href":"https:\/\/www.vcvl.be\/site\/wp-json\/wp\/v2\/pages\/3710\/revisions"}],"predecessor-version":[{"id":4433,"href":"https:\/\/www.vcvl.be\/site\/wp-json\/wp\/v2\/pages\/3710\/revisions\/4433"}],"up":[{"embeddable":true,"href":"https:\/\/www.vcvl.be\/site\/wp-json\/wp\/v2\/pages\/3539"}],"wp:featuredmedia":[{"embeddable":true,"href":"https:\/\/www.vcvl.be\/site\/wp-json\/wp\/v2\/media\/3495"}],"wp:attachment":[{"href":"https:\/\/www.vcvl.be\/site\/wp-json\/wp\/v2\/media?parent=3710"}],"curies":[{"name":"wp","href":"https:\/\/api.w.org\/{rel}","templated":true}]}}